s of 3883.
11, 353
List the prime factors of 4622.
2, 2311
List the prime factors of 130021.
130021
What are the prime factors of 6198?
2, 3, 1033
List the prime factors of 693.
3, 7, 11
List the prime factors of 763.
7, 109
What are the prime factors of 1979?
1979
What are the prime factors of 21881?
21881
List the prime factors of 1136.
2, 71
What are the prime factors of 4479?
3, 1493
What are the prime factors of 277?
277
What are the prime factors of 44615?
5, 8923
What are the prime factors of 758?
2, 379
What are the prime factors of 1059?
3, 353
What are the prime factors of 1398?
2, 3, 233
List the prime factors of 3029.
13, 233
What are the prime factors of 968?
2, 11
List the prime factors of 12458.
2, 6229
List the prime factors of 2222.
2, 11, 101
What are the prime factors of 6808?
2, 23, 37
List the prime factors of 21515.
5, 13, 331
What are the prime factors of 1419?
3, 11, 43
What are the prime factors of 40598?
2, 53, 383
What are the prime factors of 1838?
2, 919
List the prime factors of 39898.
2, 19949
List the prime factors of 51540.
2, 3, 5, 859
List the prime factors of 124666.
2, 83, 751
What are the prime factors of 79138?
2, 39569
What are the prime factors of 1426?
2, 23, 31
List the prime factors of 25293.
3, 8431
List the prime factors of 12683.
11, 1153
List the prime factors of 2592.
2, 3
What are the prime factors of 3756?
2, 3, 313
What are the prime factors of 3271?
3271
What are the prime factors of 1213?
1213
List the prime factors of 56211.
3, 41, 457
List the prime factors of 19311.
3, 41, 157
List the prime factors of 2656.
2, 83
List the prime factors of 11175.
3, 5, 149
What are the prime factors of 6394?
2, 23, 139
What are the prime factors of 5496?
2, 3, 229
List the prime factors of 2236.
2, 13, 43
List the prime factors of 21889.
7, 53, 59
What are the prime factors of 51366?
2, 3, 7, 1223
What are the prime factors of 2518?
2, 1259
List the prime factors of 3047.
11, 277
List the prime factors of 2340.
2, 3, 5, 13
What are the prime factors of 155125?
5, 17, 73
List the prime factors of 115.
5, 23
List the prime factors of 2595.
3, 5, 173
List the prime factors of 2521.
2521
What are the prime factors of 1672?
2, 11, 19
List the prime factors of 2287.
2287
List the prime factors of 2513.
7, 359
List the prime factors of 3046.
2, 1523
What are the prime factors of 5107?
5107
What are the prime factors of 1070?
2, 5, 107
What are the prime factors of 6290?
2, 5, 17, 37
What are the prime factors of 2610?
2, 3, 5, 29
List the prime factors of 12366.
2, 3, 229
What are the prime factors of 15519?
3, 7, 739
List the prime factors of 9102.
2, 3, 37, 41
What are the prime factors of 1974?
2, 3, 7, 47
List the prime factors of 4905.
3, 5, 109
What are the prime factors of 4912?
2, 307
What are the prime factors of 5120?
2, 5
List the prime factors of 6378.
2, 3, 1063
List the prime factors of 9024.
2, 3, 47
List the prime factors of 5076.
2, 3, 47
List the prime factors of 1647.
3, 61
List the prime factors of 618.
2, 3, 103
List the prime factors of 935.
5, 11, 17
What are the prime factors of 161133?
3, 7, 7673
What are the prime factors of 101045?
5, 7, 2887
What are the prime factors of 13664?
2, 7, 61
What are the prime factors of 2824?
2, 353
List the prime factors of 31599.
3, 3511
List the prime factors of 1349.
19, 71
What are the prime factors of 3814?
2, 1907
List the prime factors of 99546.
2, 3, 47, 353
What are the prime factors of 13209?
3, 7, 17, 37
What are the prime factors of 1072?
2, 67
List the prime factors of 59661.
3, 7, 947
List the prime factors of 10043.
11, 83
What are the prime factors of 8383?
83, 101
What are the prime factors of 32718?
2, 3, 7, 19, 41
List the prime factors of 4057.
4057
What are the prime factors of 8540?
2, 5, 7, 61
List the prime factors of 113684.
2, 97, 293
What are the prime factors of 10221?
3, 3407
What are the prime factors of 5332?
2, 31, 43
List the prime factors of 10478.
2, 13, 31
List the prime factors of 13356.
2, 3, 7, 53
What are the prime factors of 17071?
43, 397
What are the prime factors of 14720?
2, 5, 23
What are the prime factors of 875?
5, 7
List the prime factors of 359.
359
List the prime factors of 10299.
3, 3433
What are the prime factors of 941?
941
List the prime factors of 9458.
2, 4729
List the prime factors of 4311.
3, 479
List the prime factors of 15937.
15937
List the prime factors of 1898.
2, 13, 73
List the prime factors of 43450.
2, 5, 11, 79
List the prime factors of 2413.
19, 127
What are the prime factors of 75369?
3, 7, 37, 97
What are the prime factors of 1230?
2, 3, 5, 41
List the prime factors of 7565.
5, 17, 89
List the prime factors of 90.
2, 3, 5
What are the prime factors of 12756?
2, 3, 1063
List the prime factors of 21493.
21493
List the prime factors of 10337.
10337
What are the prime factors of 132497?
37, 3581
What are the prime factors of 8705?
5, 1741
List the prime factors of 14411.
14411
What are the prime factors of 1753?
1753
What are the prime factors of 242?
2, 11
What are the prime factors of 609?
3, 7, 29
List the prime factors of 34205.
5, 6841
What are the prime factors of 53778?
2, 3, 8963
List the prime factors of 1014.
2, 3, 13
What are the prime factors of 1509?
3, 503
What are the prime factors of 2848?
2, 89
List the prime factors of 2309.
2309
List the prime factors of 1154.
2, 577
List the prime factors of 80553.
3, 11, 2441
What are the prime factors of 2679?
3, 19, 47
List the prime factors of 8687.
7, 17, 73
List the prime factors of 12945.
3, 5, 863
What are the prime factors of 113784?
2, 3, 11, 431
What are the prime factors of 1563?
3, 521
List the prime factors of 38801.
7, 23, 241
List the prime factors of 31701.
3, 10567
List the prime factors of 151.
151
What are the prime factors of 12146?
2, 6073
List the prime factors of 18610.
2, 5, 1861
What are the prime factors of 1507?
11, 137
What are the prime factors of 1908?
2, 3, 53
List the prime factors of 831.
3, 277
List the prime factors of 8092.
2, 7, 17
List the prime factors of 28964.
2, 13, 557
List the prime factors of 433.
433
List the prime factors of 3745.
5, 7, 107
What are the prime factors of 15591?
3, 5197
List the prime factors of 31905.
3, 5, 709
List the prime factors of 1446.
2, 3, 241
List the prime factors of 927.
3, 103
What are the prime factors of 859?
859
What are the prime factors of 185?
5, 37
What are the prime factors of 63020?
2, 5, 23, 137
What are the prime factors of 47718?
2, 3, 11, 241
List the prime factors of 4813.
4813
List the prime factors of 49048.
2, 6131
What are the prime factors of 818?
2, 409
List the prime factors of 7549.
7549
List the prime factors of 1327.
1327
List the prime factors of 26144.
2, 19, 43
What are the prime factors of 8282?
2, 41, 101
What are the prime factors of 6029?
6029
What are the prime factors of 52629?
3, 53, 331
List the prime factors of 2823.
3, 941
What are the prime factors of 849?
3, 283
List the prime factors of 1004.
2, 251
What are the prime factors of 2892?
2, 3, 241
What are the prime factors of 343?
7
List the prime factors of 30912.
2, 3, 7, 23
List the prime factors of 2657.
2657
What are the prime factors of 459?
3, 17
List the prime factors of 907.
907
What are the prime factors of 1714?
2, 857
List the prime factors of 67829.
67829
List the prime factors of 8569.
11, 19, 41
What are the prime factors of 536?
2, 67
What are the prime factors of 934?
2, 467
What are the prime factors of 11?
11
List the prime factors of 5115.
3, 5, 11, 31
List the prime factors of 841.
29
List the prime factors of 11632.
2, 727
List the prime factors of 11613.
3, 7, 79
List the prime factors of 26018.
2, 13009
List the prime factors of 1623.
3, 541
List the prime factors of 4750.
2, 5, 19
What are the prime factors of 31088?
2, 29, 67
What are the prime factors of 65079?
3, 7, 1033
List the prime factors of 4946.
2, 2473
List the prime factors of 4428.
2, 3, 41
List the prime factors of 19280.
2, 5, 241
List the prime factors of 847.
7, 11
List the prime factors of 668.
2, 167
What are the prime factors of 2484?
2, 3, 23
List the prime factors of 24396.
2, 3, 19, 107
List the prime factors of 2494.
2, 29, 43
What are the prime factors of 119?
7, 17
